s the value of 3 + (19 - (5 + (9 + -4 - -5)))?
7
What is 1 + (-3 - -4) + (60 - 55) + (25 - -2)?
34
Calculate -58 + (62 - -4) - (2 + 37 - 2).
-29
What is the value of (6 - -35) + -41 + 10 - (0 + -88)?
98
2 - (-2 + 87) - (1211 + -1228)
-66
What is -21 - (7 + -10) - (41 + -10 + -4)?
-45
Evaluate -4 + -20 + -82 + 130.
24
Calculate -1 + 128 - (-181 + 235).
73
17 - (28 + -27 + 55 + 12 + -1)
-50
Calculate (77 - 1) + (14 - (-17 + (12 - -36))).
59
What is (-6 - -27 - -10) + (-9 + 3 - -2 - -6)?
33
(22 + (27 - 63 - -19) - (-1 - 30)) + -1
35
What is 15 + (16 - 15) + 1 + 10?
27
Evaluate 92 + (-116 - -49 - -56) + (3 - -2) + -2.
84
Evaluate 0 - ((20 - 38) + -38).
56
Evaluate -68 - (-102 + -7 - -76).
-35
(-1 - ((-3 - -17) + 7)) + 18
-4
Evaluate 9 - 9 - (-5 + -8 + 4 - 10).
19
Calculate 9 + (-59 - -47 - (2 + -45) - -11).
51
Calculate (-61 - 1) + (3 - 4) - (-729 + 718).
-52
Calculate 32 + -19 + (23 - 26).
10
Calculate -1 + -49 - (114 - 88 - (0 - -38)).
-38
-25 + 50 + (14 - 36) - (80 - -3)
-80
Evaluate (2 - (28 + 3)) + 1162 + -1181.
-48
Evaluate -18 + (8 + -31 + -6 - 14).
-61
What is the value of -2931 + 2930 - (2 + 41)?
-44
Calculate (48 - (146 - -37)) + 93.
-42
Evaluate 72 - (23 + -7 + (5 - 14) + -3).
68
Evaluate -193 + (11 - (14 + -5)) + 43.
-148
Evaluate 34 + 6 + -14 + 28 + -16.
38
Calculate 27 - (-3 + 1 + -1 + (-36 - 76) + 119).
23
What is 28 + (0 - -17) + -1 + 2?
46
1 + 0 - ((56 - 92) + 48)
-11
What is 0 + 15 + -7 + -4 + (4 - 40)?
-32
Calculate -4 + 2 + -62 - (-87 + 78 + (7 - 0)).
-62
What is -12 - 10 - (-13 - -9 - 0) - (-5 - -17)?
-30
Calculate 55 + -39 + (-34 - 9).
-27
Evaluate -82 + 1 - (809 + -832).
-58
(2 - (2 - 8)) + -13 - (-3 + 30)
-32
What is 2919 - 2935 - (-12 + 0 + 2)?
-6
Calculate -8 - (-88 + (23 - -18)).
39
What is (1215 - 1171) + (-4 - (-4 - 20))?
64
What is 30 - 252 - -132 - -177?
87
What is 14 + -53 + 101 + -99?
-37
What is (0 - -10) + -1 + -38 + (-4 - -4)?
-29
What is the value of (-9 - 103) + 11 - -114?
13
6 + 14 - 71 - (3 + (-25 + 3 - -6))
-38
What is the value of 41 - 45 - (5 - (-5 + 6 - (11 + -24)))?
5
76 + (-43 - 2 - -42) + (-1 - (1 - 5))
76
Evaluate -1 + 0 + ((-33 - -7) + 12 - -124) + -28.
81
What is -2 - ((18 - -1) + -592 + 602)?
-31
146 + -142 - (24 + 0)
-20
What is the value of -3 + -2 + 4 - (69 + 2 - 73) - 36?
-35
What is 39 + (-8 - (-18 + (5 - -27)))?
17
Evaluate -4793 + 4804 - (1 + 4).
6
Calculate -56 - -62 - 15 - 28.
-37
(-25 + -69 - -27) + 81
14
Evaluate -14 - (-14 + -11 + -13 - -46).
-22
(-18 + (27 - 9 - 7) - (43 - 3)) + -4
-51
Calculate 2 - 20 - ((-6 - 3) + 9) - (212 + -226).
-4
Evaluate 2 + (-2 - (-6 + -1)) - (-4152 + 4110).
49
What is the value of 65 + (-3 - 3) - (-58 + 71)?
46
Evaluate (22 - (27 + -11)) + -17 + 43.
32
What is (29 + -16 - (14 + 17)) + (20 - 4)?
-2
Evaluate -3 + (4 - 7 - 4) + (27 + -48 - -14).
-17
Evaluate (-5 + 45 - (-67 - -109)) + (-2 - 8).
-12
-2 + -2 + 2 + 9 + 32 + -259 + 222
2
99 - 209 - -108 - (2 - 1 - -47)
-50
What is (3 - 83) + 33 + (-78 - -23)?
-102
What is -38 + (-15 - -16) + (4 - -2)?
-31
Calculate 8 + (9 - (-4 - -25)) + -12 - -12.
-4
22 + -39 + 34 + (1 - -7)
25
(-14 + 7 - (55 + 17)) + 11 - (-1 + -7)
-60
-52 + (-35 - -29) + 7 + 5 + -6
-52
Calculate 49 + -87 + 37 + 23 + 2 + -9.
15
Evaluate (-84 - -46 - 2) + -7.
-47
What is -11 + 16 + -14 + -51 + 3 + -1?
-58
What is the value of 12 - 4 - (35 + 18 + -29)?
-16
What is (23 - -19) + 40 + (32 - 54)?
60
What is the value of 78 + -80 + (56 - 106)?
-52
What is the value of (-40 - (116 + -46)) + 32?
-78
Evaluate ((-6 - -23) + -19 - (-16 - -1)) + -83.
-70
Calculate 5 - (-8 + 3) - (-9 + -22 + 42).
-1
Calculate (-7 + 0 + -1 - (4 + -2)) + (4424 - 4459).
-45
Evaluate -62 - (-48 + 40) - -48.
-6
What is the value of (-4 - -2 - (7 + 17 + -23)) + -1 + -39?
-43
What is (1 - -3) + (-24 - 3) - (19 + 81 + -95)?
-28
Evaluate (66 - 69) + -28 + -4.
-35
(-18 + -1 - -71) + -22 + -1
29
Evaluate -39 - (76 + (-35 - (-2 + 4))).
-78
What is 8 - ((0 - 1) + 13 - (-30 + (69 - 4)))?
31
What is (28 - 0) + -426 + 387?
-11
What is 15 + (-9 - (10 + 14)) + 17?
-1
Calculate (-10 - (-18 - -10) - (8 + 73)) + -13.
-96
-1 + (-29 - 3) + (-915 - -919)
-29
Evaluate (35 - 2 - 7) + -12 + -33 + 1 + 3.
-15
-8 + 1 - (-16 - (10 - (27 - (2 + 4))))
-2
What is the value of (5 - (-2 + 2 + -5)) + -91 + 93?
12
Calculate -18 - ((9 - -22) + 8 + (45 - 36)).
-66
(1 + 0 - (-3 - -1)) + (-151 - (-23 + -94))
-31
What is the value of 8 + -19 + 22 + -17 + (-11 - -2)?
-15
(-8 + 10 - 1) + 93 + -7 + -1
86
What is 26 + (-22 - (-28 - -25) - 3) + (-1 - 47)?
-44
Calculate -44 + (0 - 0) + 60 + (-69 - (-14 - 0)).
-39
2 + 3 - 19 - (136 + -135)
-15
-4 - 6 - (74 - 117 - (3 + -13))
23
Evaluate -350 + 319 + (1 - -3 - -5).
-22
What is the value of -2 - (59 + 30 + -29)?
-62
What is the value of 1 + -6 - -58 - 4 - (17 - -7 - 13)?
38
What is the value of (1 - (6 - -8 - 15 - -1)) + -1?
0
Calculate 52 - (87 - 62) - 12.
15
Calculate 59 + -113 - (39 + 13).
-106
Calculate (-65 - -57) + (-4 + 8 - 44).
-48
What is the value of (1 - 2 - 14) + 103 + -200 + 77?
-35
572 + -561 + -2 + 59 + (-2 - -4)
70
What is -3 + 35 + 1 + -22 - (-2 - -5 - -12)?
-4
Evaluate (-156 - -178) + (10 - 0).
32
Evaluate 51 - 0 - (-4591 + 4518).
124
Calculate 1 - -30 - (5 + -48 + 32) - 13.
29
What is the value of -25 - -16 - 3 - (9 + (6 - 8) + -16)?
-3
(-4 - (-6 - (-9 - -2))) + 37 + (8 - -4)
44
-3 + (-2 + -16 - -35 - 6) - (-2 - 32)
42
What is the value of (31 - (60 + -29 + 4)) + 0 + -64?
-68
Evaluate -6 + -8 - (-41 - -33) - (90 + -9 + 3).
-90
79 - (47 - -8) - 11
13
What is (36 + -7 - (62 - 23)) + -3 + 18?
5
1 + -98 + 148 + -264 + 151
-62
What is the value of (12 - (-4 - -6)) + -354 + 389?
45
11 + -5 + 12 + -26 - 26 - -1
-33
Evaluate 14 - (-328 + 366 - (20 + (2 - 1))).
-3
Evaluate 1 + 2 + -3 + -8 + (1 - 2) + 24.
15
What is the value of -17 + -10 + 14 - -18 - (-7 - -2)?
10
What is the value of 12 + -116 - (89 - 154)?
-39
What is 8 - -25 - 30 - (-8 - (-3 - -3))?
11
Calculate 15 + (-9 + (17 - (17 - 11)) - 12).
5
Evaluate 43 + (-41 + 38 - 61).
-21
13 + 1 + -1 + 2 + (6098 - 6085)
28
What is (5 - (33 + -17 - 20)) + 77?
86
What is -37 + -62 + 94 - 52?
-57
Calculate 69 + 17 + -13 + -1 + 0 + 12 + -23.
61
Evaluate -50 + 0 + 37 + -5 - (-23 + 1).
4
What is the value of (30 - 54) + -48 + 15 - -10?
-47
What is (3 - ((44 - (20 + -14)) + 8)) + -4?
-47
Evaluate 29 + (-1007 - -967) + 0 + 29.
18
Evaluate -73 - (-63 + (-4 - -22)).
-28
Evaluate -77 + -120 + 84 + 93.
-20
What is (-3 - (12 - (-8 + (35 - -1)))) + -82?
-69
Calculate (19 - 0) + (1683 - 1729).
-27
-372 - -360 - (34 - 1)
-45
Evaluate 181 + -178 - (0 + (1 + 3 + -17 - 2)).
18
Evaluate -1 + 3 - (57 - (-1 + 22 + -5)).
-39
Calculate 9 + (-35 - -15 - 1) - 9.
-21
What is -3 - (-8 + 12 + 3 - -6)?
-16
-36 - (-30 + 28) - 9
-43
Calculate -6 - (-7 + -4 + 3 - (28 + 3 - 6)).
27
Calculate (6 + 4 - (-83 + (-22 - -116))) + 35 + -1.
33
What is 19 + 6 + -17 + -5?
3
What is the value of -87 + 112 + -46 + (91 - 5)?
65
What is the value of (-470 - -434) + 55 + 1?
20
What is 1 + (0 - 8) + (15 + 8 - 15)?
1
Evaluate (-9 - -16 - 2) + 2 - -30.
37
Evaluate (-1 - -33) + -4 + (-1 + 22 - (-14 + 28)).
35
96 + 7 + -34 + -52
17
Calculate (-24 - -57) + 47 + -90.
-10
(44 - 88) + 64 - -1
21
What is the value of -17 + 0 + (9 - 0) + (-79 - -83)?
-4
Evaluate (94 + -69 - -16) + -5 + -153.
-117
What is -263 + 334 + (0 - -4) + -19?
56
66 - (155 + -246 + 182)
-25
What is -4 + 14 + (-44 - ((6 - 6) + -10))?
-24
-2 + 0 + 36 + -4 + 2 + (611 - 612)
31
Calculate (5 - 0) + -6 + 1 + (20 - 41) + 43.
22
What is the value of -31 - (-16 - -29) - -40 - (-1 - 132 - -2)?
127
-230 + 313 - (15 + -48)
116
Evaluate 12 + -19 - (-8 + -2 + 15) - 12.
-24
Evaluate 2 + 19 - (620 - 563).
-36
44 + 5 + (71 - 75)
45
(-215 - -180) + (-34 - -2) + -40
-107
Evaluate -142 + 24 + (-6 - -41).
-83
Evaluate 4 - (0 + -8) - (-88 + 63).
37
Evaluate 2 - ((37 - (-29 + 102)) + 105 - (4 - 1)).
-64
(292 - 322) + 2 + -11
-39
1682 - 1683 - (2 + 47)
-50
-17 + 42 + -36 + 32 - -31
52
-14 + -72 + -52 + 76
-62
-25 - 1 - (-173 - -81 - -79)
-13
What is -1 - (-1 + -11 + 4 + (72 - 85))?
20
Calculate -45 + -29 - -83 - (3 - -32).
-26
7 + 105 - 56 - 33
23
Calculate -11 - 35 - (77 - 186).
63
Calculate -64 + -3 - (-24 - 40).
-3
-71 + 204 + -7 + -62
64
(-31 - 1) + -46 + 59
-19
What is the value of 41 + -49 - ((2 - 1) + -52)?
43
(-18 - 